mmon factor of 21625 and 75?
25
Calculate the greatest common factor of 206747 and 1691.
89
Calculate the highest common factor of 94432 and 34050.
454
Calculate the greatest common divisor of 3 and 428397.
3
What is the highest common divisor of 46608 and 36?
12
What is the highest common divisor of 8 and 521600?
8
What is the greatest common factor of 10609782 and 6?
6
Calculate the greatest common factor of 12271 and 91.
7
Calculate the highest common divisor of 186 and 186062.
62
Calculate the highest common factor of 1600 and 182720.
320
Calculate the greatest common factor of 952 and 130968.
136
What is the greatest common divisor of 1082 and 3878429?
541
Calculate the greatest common divisor of 2119111 and 12229.
1747
Calculate the greatest common divisor of 1473 and 11315586.
1473
What is the greatest common divisor of 84375 and 15795?
135
What is the highest common factor of 243 and 18?
9
Calculate the highest common divisor of 28 and 2982.
14
Calculate the greatest common divisor of 56345 and 27695.
955
Calculate the highest common factor of 38998 and 518.
74
What is the greatest common divisor of 93201 and 2644?
661
Calculate the highest common divisor of 285 and 106324.
19
What is the highest common factor of 33900 and 1737940?
2260
Calculate the highest common factor of 5248816 and 48.
16
What is the greatest common factor of 125040 and 240?
240
What is the greatest common divisor of 318091 and 662?
331
What is the greatest common factor of 7763 and 7?
7
What is the highest common factor of 155 and 2725?
5
What is the highest common divisor of 2280 and 7080?
120
Calculate the greatest common divisor of 196 and 1936.
4
What is the highest common divisor of 9 and 569223?
9
What is the greatest common divisor of 20003 and 2407?
83
What is the greatest common factor of 40 and 3176?
8
What is the highest common factor of 50858 and 236?
118
Calculate the greatest common divisor of 3171414 and 318.
318
Calculate the greatest common divisor of 140 and 58268.
28
Calculate the greatest common divisor of 142663 and 31880.
797
What is the highest common factor of 737 and 1495373?
737
Calculate the highest common divisor of 21876 and 39.
3
What is the highest common divisor of 460 and 40440?
20
What is the highest common factor of 41004 and 34?
34
Calculate the highest common divisor of 129596 and 181.
181
Calculate the highest common divisor of 685062 and 42.
42
Calculate the greatest common divisor of 419800 and 200.
200
Calculate the highest common divisor of 759543 and 318.
159
What is the highest common divisor of 528298 and 86?
86
Calculate the highest common divisor of 38116 and 520.
52
What is the greatest common divisor of 1184 and 12506?
74
Calculate the greatest common divisor of 10246 and 27904.
218
Calculate the greatest common divisor of 7 and 123613.
7
Calculate the highest common divisor of 461 and 1.
1
Calculate the highest common divisor of 48 and 11523.
3
Calculate the greatest common divisor of 944 and 368.
16
What is the greatest common divisor of 12404 and 112?
28
What is the highest common divisor of 613494 and 81?
81
What is the highest common divisor of 486 and 20250?
162
What is the highest common divisor of 231118 and 146?
146
What is the greatest common divisor of 429 and 83499?
39
Calculate the highest common divisor of 142690 and 1330.
190
What is the greatest common factor of 21015 and 12105?
45
What is the greatest common factor of 478 and 691666?
478
What is the highest common factor of 45 and 9335?
5
What is the greatest common factor of 3840 and 2960?
80
Calculate the highest common divisor of 52477 and 291.
97
What is the greatest common factor of 114 and 628406?
38
Calculate the greatest common factor of 25968 and 690.
6
What is the greatest common factor of 13 and 19903?
13
What is the highest common divisor of 62152 and 17?
17
What is the highest common factor of 19807 and 8879?
683
What is the greatest common factor of 74 and 744514?
74
What is the greatest common factor of 3027753 and 27?
27
What is the highest common divisor of 2632 and 1870694?
658
Calculate the greatest common factor of 16 and 28624.
16
Calculate the highest common divisor of 66288 and 51.
3
Calculate the greatest common factor of 1237652 and 13.
13
What is the greatest common divisor of 53 and 244913?
53
What is the highest common divisor of 510132 and 336?
84
What is the highest common divisor of 25086 and 444?
222
What is the greatest common factor of 170 and 94027?
17
What is the greatest common factor of 3754071 and 18?
9
Calculate the greatest common divisor of 4617 and 4959.
171
Calculate the highest common divisor of 73801 and 728.
91
Calculate the highest common factor of 230 and 468970.
230
Calculate the greatest common divisor of 51 and 2994.
3
Calculate the highest common factor of 99 and 2827.
11
What is the highest common divisor of 43672 and 18952?
824
Calculate the greatest common divisor of 17707170 and 390.
390
What is the greatest common divisor of 606 and 1078?
2
What is the highest common divisor of 417353 and 31?
31
What is the greatest common factor of 738 and 383724?
18
What is the highest common factor of 159 and 32367?
3
What is the greatest common divisor of 50 and 788210?
10
Calculate the highest common divisor of 11 and 939983.
11
Calculate the greatest common divisor of 7848 and 6912.
72
Calculate the highest common factor of 46998 and 1134.
126
What is the greatest common factor of 2007 and 27?
9
Calculate the highest common divisor of 190 and 22705.
95
Calculate the greatest common divisor of 4608 and 668.
4
What is the greatest common divisor of 179610 and 90?
30
Calculate the highest common factor of 3640704 and 304.
304
Calculate the greatest common factor of 213813 and 108.
27
Calculate the highest common factor of 275649 and 33.
33
What is the highest common divisor of 100 and 21140?
20
What is the greatest common factor of 2772 and 6237?
693
What is the highest common factor of 82 and 136858?
82
Calculate the highest common divisor of 32785 and 632.
79
Calculate the greatest common divisor of 108936 and 94518.
1602
Calculate the greatest common factor of 2242 and 16682.
38
What is the greatest common divisor of 3 and 140073?
3
Calculate the highest common factor of 3626 and 50.
2
What is the highest common divisor of 864 and 75648?
96
Calculate the greatest common factor of 16284 and 3658.
118
What is the highest common factor of 84525 and 2175?
75
What is the highest common factor of 2934 and 56466?
18
Calculate the greatest common factor of 397 and 952403.
397
Calculate the greatest common factor of 327988 and 4.
4
Calculate the greatest common factor of 80046 and 126.
18
Calculate the highest common factor of 2161901 and 1743.
581
What is the highest common factor of 602 and 17759?
301
What is the highest common divisor of 359905 and 1638?
91
Calculate the highest common factor of 700 and 4338250.
350
What is the highest common factor of 14 and 29308426?
14
Calculate the greatest common divisor of 56 and 109340.
28
Calculate the highest common divisor of 230 and 22632.
46
Calculate the highest common divisor of 104 and 61126.
26
Calculate the highest common divisor of 785 and 295.
5
Calculate the highest common factor of 360 and 173790.
90
Calculate the highest common divisor of 5553 and 82678.
617
Calculate the highest common factor of 170715 and 399.
57
Calculate the highest common factor of 471 and 660342.
471
What is the greatest common divisor of 6020 and 13972?
28
Calculate the greatest common factor of 405 and 968328.
27
What is the greatest common divisor of 77436 and 1692?
36
What is the greatest common divisor of 50 and 34025?
25
What is the greatest common divisor of 435 and 47763?
87
What is the greatest common divisor of 1170 and 2080?
130
What is the highest common factor of 860 and 49665?
215
Calculate the highest common factor of 96 and 416.
32
What is the highest common divisor of 697 and 745011?
41
Calculate the highest common factor of 897442 and 7.
7
What is the highest common factor of 56 and 1960084?
28
Calculate the greatest common factor of 20498 and 1036.
74
What is the highest common factor of 186 and 30504?
186
Calculate the greatest common factor of 2077 and 19